- 4. Let t be l(-10). Let d(o) = 2 + 5 - o**2 - 1 - 4*o. Determine d(t).
1
Let o be (8 - 4)/(4/6). Let c(r) = -o*r + 3 - 2 + 2 + 4*r. Give c(-5).
13
Let d = -9 + 10. Let g(x) = -x**2 - x**3 + 2*x + 0*x**3 - 3*x**3 - 1. Determine g(d).
-4
Let b(y) = 4*y + 6. Let n(q) = 3*q + 5. Let d(w) = -4*b(w) + 5*n(w). Give d(1).
0
Let g(u) = -u**3 - 4*u**2 - 4*u - 10. Let z be g(-4). Let x(l) = 2*l - 8. Give x(z).
4
Let u(f) = f**2 - 7*f + 6. Let g = -14 + 20. Calculate u(g).
0
Suppose 0*z - z + 4 = 0. Let i(h) be the second derivative of h**4/6 - 7*h**3/6 + 3*h**2 + h. What is i(z)?
10
Suppose 6*l - 5*l = 0. Suppose l = 3*q - 4*q + 6. Let a(n) = n**3 - 6*n**2 + n - 1. Calculate a(q).
5
Let v be 0 + 4/(2/1). Let d be 6/36 + 11/6. Let x be (v - 5) + d + 1. Let k(n) = -n**3 + n**2 - 3. What is k(x)?
-3
Let y(u) = -u**2 + 7*u - 1. Let c = 29 - 9. Suppose 0 = -v + 5*v - c. What is y(v)?
9
Let o(n) = -n + 1. Let h(z) = z - 21. Let r(x) = -h(x) - 2*o(x). Let p be r(-13). Let j(m) = -m**2 + 6*m + 4. What is j(p)?
4
Let t(f) = -f**3 - 3*f**2 + 1. Let x be t(-3). Suppose 0 = 3*q + 9. Let v(c) = -c**2 - 2*c - 2. Let r(b) = 2*b + 1. Let o(y) = q*r(y) - 2*v(y). Determine o(x).
1
Let v(w) = 2 - 27*w + 30*w - 11. Determine v(6).
9
Let d(j) be the first derivative of -j**3/3 + 5*j**2 - 3*j - 1. Determine d(9).
6
Let w(k) = k + 1. Let c be w(2). Suppose -2*z + 2 = -c*z. Let j be z/(-4) - 3/(-2). Let p(h) = h**3 - 2*h**2 + 2*h + 2. Determine p(j).
6
Let x be 2/3 - 30/(-9). Suppose x*g + 3 = 7. Let p(d) = -15*d + 1. Calculate p(g).
-14
Let h(l) = l + 6. Suppose 0 = 5*o + i + 20, 4*i + i - 40 = 3*o. Give h(o).
1
Let g = 0 - -2. Let s(u) = 2*u - 5*u + 8*u**2 - u**3 - 3*u**g - 4. Let t = 84 + -80. What is s(t)?
0
Suppose -c - 4*i = 3, 4*c - c + 4*i = -9. Let o(h) = h**2 + h + 4. Determine o(c).
10
Let t(d) = -2*d**3 + d**2 + 2*d + 1. Suppose 0 = -4*x + 3*v + 61, -2*x - 3*v - 22 = -3*x. Suppose -5*l - 3 + x = 0. Calculate t(l).
-7
Let x(a) = -4*a**3 - 1. Let n be x(-1). Suppose -16 = -r - n*r. Let i(k) be the third derivative of k**6/120 - k**5/20 - k**4/6 - k**3/2 + 2*k**2. What is i(r)?
-3
Let c = -6 + 3. Let h(j) = -j + 1. Let m(k) = -4*k + 2. Let s(p) = c*h(p) + m(p). Determine s(-5).
4
Let t(b) be the third derivative of b**4/12 + b**3/6 - 21*b**2. Let i = 6 - 4. Give t(i).
5
Let m(x) = -3*x**2 + 6*x + 9. Let d(w) be the third derivative of 0*w - 1/60*w**5 + 1/12*w**4 + 0 + 2*w**2 + 1/2*w**3. Let y(o) = 11*d(o) - 4*m(o). Give y(-2).
5
Suppose z = -2*z - 15. Let q(t) = -t**2 - 4*t - 1. Determine q(z).
-6
Let t(b) = -b**2 - 7*b - 1. Let r(s) = s**2 + 8*s + 4. Let y be r(-4). Let j be (1/(-2)*y)/(-1). Calculate t(j).
5
Let h(d) = d + 8. Let l be h(-5). Let j(c) = -c - 1. Let t(r) = -r. Let v(g) = -3*j(g) + 4*t(g). What is v(l)?
0
Let h(o) = -2 - 15*o + 35*o - 10*o - 12*o. Determine h(3).
-8
Let p(j) = j**3 + 4*j**2 - j + 5. Suppose 0 = 2*l - 4*l + 24. Suppose -8 = 5*s + l. Give p(s).
9
Let s(l) = -l - 2. Let m = -6 - -6. Suppose 6 = -m*n + 2*n, -2*n + 6 = g. Suppose -4*j + i - 19 = 0, g = -j - i - 6. Give s(j).
3
Let l = 3 - 5. Let o(p) be the second derivative of -1/6*p**3 + 1/20*p**5 - 1/2*p**2 + 0 - 2*p + 1/6*p**4. Calculate o(l).
1
Let r(t) = 4*t + 7. Let z be r(-2). Let w(x) = -8*x**2 + 1. What is w(z)?
-7
Let m(u) be the first derivative of 7*u**2/2 + u - 71. What is m(3)?
22
Let c(d) = -d**2 + 8*d - 3. Let t(r) = r**2 - 7*r + 2. Let h(i) = -6*c(i) - 7*t(i). Determine h(3).
-2
Let g(u) = u**2 - 9*u + 7. Let i be 11 + (4 - 4 - -2)*-1. Give g(i).
7
Let v(i) = -i**3 - 3*i**2 + 3*i - 1. Let y be (6/(-4) - 0)*14. Let j be 14/y - (-20)/(-6). Determine v(j).
3
Suppose 2*i - 2 + 6 = 0. Let w(a) = -5. Let l(h) = -1. Let t(m) = -6*l(m) + w(m). Let q(r) = -4*r + 3. Let u(p) = q(p) - 6*t(p). Calculate u(i).
5
Let m(x) = 31*x**2 + x + 1. Let t(r) = r**2 + 4*r + 2. Let b be t(-3). Calculate m(b).
31
Let g(l) = l - 5. Let b(p) = 6*p**3 + 2*p**2 - p - 2*p**2 + 0*p**3. Let w be b(1). Suppose w*t + 5*j = -0*t + 25, -5*j + 25 = -3*t. Calculate g(t).
-5
Let d(u) = -u**2 - 8*u - 3. Let r = -5 + -1. Give d(r).
9
Let w(f) be the third derivative of -f**6/120 - f**5/10 - f**4/8 - f**3/2 - 30*f**2. Determine w(-6).
15
Let w(m) = -2*m**2 - 9*m + 1. Let s(p) = -3*p**2 - 10*p + 1. Let u = -4 - -8. Let g(i) = u*w(i) - 3*s(i). Suppose 3*t = -0*c - c + 14, t - 2 = c. What is g(t)?
-7
Let x(w) = -w**2 - 10*w - 15. Let v be x(-7). Let u(i) = i**2 - i - 3. Let o be u(3). Let f(z) = -z + v + o*z - z - z**2 - 4. What is f(-2)?
-4
Let o(i) = -i**2 + 5*i - 3. Suppose -7 = 3*v - 16. Let k be (-2)/((12/v)/(-8)). What is o(k)?
1
Let m(v) = 3*v**3 + 4*v**2 + v + 17. Let c(j) = 2*j**3 + 3*j**2 + j + 11. Let i(g) = -8*c(g) + 5*m(g). Determine i(-3).
-3
Let m(y) = 5*y - 11. Let i(n) = -n - 3. Let w be i(-4). Let f(s) = s - 1. Let r(g) = w*m(g) - 4*f(g). Suppose 13 - 1 = 2*l. What is r(l)?
-1
Suppose r - h = 8, -2*r + 0*r - 9 = 3*h. Let b(c) = 2*c + c - 7*c + 3*c**2 + c**3 + r. Calculate b(-4).
3
Let v(h) = h**3 - 2*h + 2. Suppose 0 = -5*s + 10*s - 10. Give v(s).
6
Let u(q) = 7*q**2 + 7 + 7*q - 3*q**3 + 6 - 5 + 4*q**3. Calculate u(-6).
2
Let p(b) = b**2 + 2*b - 1. Let q be p(-3). Let j(l) = 15*l**2 - 4*l - 6. Let c(n) = -3*n**2 + n + 1. Let s(a) = 11*c(a) + 2*j(a). Give s(q).
-7
Let p(l) = -4 + 3*l**2 - 8*l**2 - 2 + 4*l**2 + 8*l. Determine p(4).
10
Let u be 3/(9/2)*(2 + -5). Let g(k) = 5*k**2 - 3*k - 2. Calculate g(u).
24
Let r(c) be the first derivative of c**2 + 0 - c + c - c - 2. Give r(-2).
-5
Let v = -25 - -27. Let b = 6 - 4. Let m(j) = 4*j**b + 2 - 3*j**v - 2*j**2. Calculate m(-2).
-2
Let y = 2125/12 - 177. Let t(k) be the second derivative of 0*k**2 + k + 0 + y*k**4 + 1/6*k**3. Calculate t(0).
0
Let z(m) = m**3 + 3*m**2 - 4*m + 4. Suppose -5*k = -6 - 9. Suppose 3 = k*g + 2*q + 3*q, -4*q + 8 = g. Calculate z(g).
4
Let l be (-70)/(-42) + (-2)/3. Let u(f) = f**3 + f. Let o(z) = 9*z**3 + 2*z**2 + 3*z + 1. Let n(g) = o(g) - 5*u(g). Determine n(l).
5
Let w(z) = z**3 - 7*z**2 + 9*z - 8. Suppose r - a - 2*a + 3 = 0, 6 = 3*r - 4*a. Give w(r).
10
Suppose -4*o - 2*l + 10 = -0*l, 10 = 5*o + 3*l. Suppose 5*g - o*n + 50 = 0, 0 = 2*n - 4 - 6. Let u(k) = k**3 + 6*k**2 + 6*k - 7. What is u(g)?
-12
Let i(z) = 6*z + 8 - 45*z**2 - z**3 + 2*z**3 + 38*z**2. Give i(6).
8
Let y(i) = -3*i**3 + i**2 - 7*i + 3. Let g(b) = 7*b**3 - 3*b**2 + 15*b - 6. Let l(z) = 4*g(z) + 9*y(z). What is l(4)?
7
Let l(t) = 7*t - 1. Let r be l(1). Let c(a) = -a**2 + 9 + r*a - 9. Let s = 4 - -2. Determine c(s).
0
Suppose -4*h = -4*y - 76, 3*h = y - 3*y - 13. Let n = y - -10. Let c(j) = -j**2 - 2*j - 1. Give c(n).
-9
Let x(f) be the second derivative of -f**7/2520 + f**6/144 + f**5/60 + f**4/12 + 6*f. Let o(t) be the third derivative of x(t). Give o(4).
6
Let h(k) = k**2 + 12*k + 4. Let d be ((-14)/4 - -3)/((-4)/(-96)). Give h(d).
4
Let i be 0 + -1 - 15/(-3). Suppose -4*y - 15 = t, 0 = -2*t + i*y - 5*y - 9. Let k = t - -7. Let d(l) = l**3 - 4*l**2 + l + 1. Calculate d(k).
5
Let s(w) = w - 3. Suppose -3*v = 15, -2*v + 5 = -3*j + 78. Let o be ((-2)/(-6))/((-1)/j). Let z(g) = g**2 + 5*g - 10. Let x be z(o). Calculate s(x).
1
Let v(b) = b**3 + 5*b**2 + 2*b + 3. Let o(i) = -i**3 - 5*i**2 - i - 4. Let t(h) = -3*o(h) - 4*v(h). Calculate t(-4).
4
Let b(k) = k**2 + 7*k + 1. Let r = 2 + -9. Calculate b(r).
1
Let j(h) = h**3 + h**2 + h. Suppose 1 = -i, -1 + 0 = -f + i. Calculate j(f).
0
Let o = -7 - -5. Let b(k) = 10*k + 32. Let i(w) = 3*w + 10. Let v(u) = 5*b(u) - 16*i(u). Calculate v(o).
-4
Let z(c) = c**3 - c**2 - 3*c + 3. Let h be ((-1)/(-3))/(2/18). Determine z(h).
12
Suppose 2*n + 2*j + 8 = -2*n, 4*j - 17 = 3*n. Let i(p) = 2*p**2 + 2*p - 4. Determine i(n).
8
Let g be (0/18)/(2/(-1)). Let x(s) = -s**2 - s + 7. Calculate x(g).
7
Let s(w) = -3*w + 3. Let m(a) = -13*a + 12. Let f(d) = -2*m(d) + 9*s(d). Suppose 0 = -2*u + u - 3. Give f(u).
6
Let c(m) = m**3 - 3*m**2 + m + 1. Let r(x) = 2*x**2. Let d be r(1). Calculate c(d).
-1
Let c be 1 + 3 + 2/(-2). Let v = 0 + c. Let i(d) = 3*d - 2. What is i(v)?
7
Suppose 5*p + r = -2*r - 1, 3*p + 15 = 3*r. Let m(i) = -i**2 - 3*i - 2. What is m(p)?
0
Let m(h) = -h**3 + 5*h**2 - 5*h + 6. Suppose w = -24 + 28. Calculate m(w).
2
Suppose 5*l = -0*t - 5*t, -32 = -5*l + 3*t. Let h(d) = -d + 0 + 0*d + 1 + l*d. Suppose -2*n = -3*i -